se 15 = j*l + l. Let r(d) = -d**2 + d + 4. Determine r(l).
-2
Let c(p) = 66 + 9*p + 10*p**2 - 2*p**2 - 76 - p**3 + 0*p**3. What is c(9)?
-10
Let o(s) be the third derivative of -s**5/60 + s**4/24 - 2*s**3/3 + 3*s**2 + 42*s. Give o(5).
-24
Suppose 4*q = -4*o + 80, -39*o + 34*o - 2 = -q. Let h(u) = -u**3 + 17*u**2 - 2*u + 24. Determine h(q).
-10
Let l(o) be the third derivative of o**4/12 + o**3/6 - 2*o**2. Suppose 47 = -3*k - 7*n, -3*k = n + 315 - 298. Determine l(k).
-7
Let n(a) be the first derivative of -a**3/3 - 6*a**2 + 12*a - 284. Calculate n(-14).
-16
Suppose 0 = 5*j + 3*k - 78 + 8, -4*j = k - 56. Let a(v) = -2*v**3 - 13*v + j*v - 3*v**2 + 3*v**3. What is a(2)?
-2
Let t(h) = 78*h**2 - 5*h + 0*h + 17 - 68*h**2 - h**3 - 3. Give t(10).
-36
Suppose -2*x = -4*r + 12, -r - 4*r = 3*x - 15. Let b = 0 - -2. Let n(a) = -2*a - b*a + 3*a + 2*a + 2. Give n(x).
2
Let k be -5 + 1 + 16 - -1. Let m(h) = 2*h + 10*h + 3 - k*h. What is m(-3)?
6
Let j = -225 - -229. Let o(x) = -3*x + 3. What is o(j)?
-9
Let s(l) = 0*l**2 - l**2 + 0*l**2 - 6 - 17*l - 5. Let h be s(-16). Let n(d) = -d**2 + 2*d + 7. What is n(h)?
-8
Let t be (-2)/7 + (-4)/(-14). Let o(h) = 1 - 3 + 0*h + t + h. Let b(v) = -1. Let g(q) = 3*b(q) - o(q). Determine g(-5).
4
Let h = 7 + -1. Let a(t) be the third derivative of t**5/60 - t**4/4 - 4*t**3/3 - 5*t**2 - 2*t. What is a(h)?
-8
Let u be (-5 + 7)/2*-1*3. Let j(k) be the first derivative of -5*k**2 + k + 39. Give j(u).
31
Suppose -36 = -10*z + 4*z. Let n(y) be the third derivative of -1/120*y**6 + 0 + 1/10*y**5 + 0*y - 1/12*y**4 + 4*y**2 + 5/6*y**3. Determine n(z).
-7
Let w(s) be the second derivative of -s**3/6 - 5*s**2/2 - 6*s. Let c(z) = z - 1. Let y be c(-5). Determine w(y).
1
Let g be 1 + -14*1/2. Let i be 72/27 + 4/g. Let b(v) = -v**3 + 3*v**2 - 2*v. Determine b(i).
0
Let h(o) be the second derivative of -o**4/12 + o**3 + 5*o**2/2 - 24*o. Suppose -4*a + 2 + 14 = 0. What is h(a)?
13
Let l(a) = a**3 - 6*a**2 - a + 1. Let v(b) = b**3 - 7*b**2 + 3*b - 15. Let c be v(7). What is l(c)?
-5
Suppose -2*y = -5*b - 7, -b - 5*y - 32 = 3*b. Let q be (-5)/b*(0 - 3). Let l(i) = 2*i - 2. Calculate l(q).
-12
Let h(x) = -x**3 - 4*x**2 - 2*x - 5. Let l be 1/4 - 24/(-32). Let t be (l/(-1))/((-2)/8). Suppose -2*k - t = -k. Determine h(k).
3
Let x = 1436 + -1436. Let t(y) be the third derivative of -1/2*y**3 - y**2 + 0*y - 1/24*y**4 + x. What is t(-6)?
3
Let w = 1050 + -1041. Let j(s) = s**2 - 6*s - 22. Calculate j(w).
5
Let k = -29 - -37. Suppose -y = 5*s - 6*s + k, -3*y - 4 = s. Let c(i) = -i**2 - i. Give c(y).
-6
Let u(g) = -g**3 - g + 1. Let v(t) = 4*t**3 - 3*t**2 + 2*t - 4. Let j(b) = 5*u(b) + v(b). Let z(q) = q**3 + 19*q**2 - 20*q - 3. Let k be z(-20). Determine j(k).
10
Let v(h) = -4*h + 4. Let q be v(5). Let c be (q - -22)/(0 - -1 - 0). Let z(r) = r**3 - 7*r**2 + r + 6. Give z(c).
-24
Let y(d) = -d**2 + 2*d - 4. Let u be (-125)/50*8/(-10). What is y(u)?
-4
Let r(v) = v. Let w(i) = -5*i + 13. Let d(y) = -4*r(y) - w(y). Let x(n) = -9*n**3 + n**2. Let m be x(-1). Determine d(m).
-3
Let r(u) be the first derivative of -13*u**3/3 + u**2/2 + u - 75. Calculate r(2).
-49
Let r(t) be the third derivative of -t**5/60 - 3*t**4/8 - 8*t**3/3 + 201*t**2. Give r(-4).
4
Let f(h) = -h + 0*h - 2*h**2 - 4 - 1291*h**3 + 1292*h**3. Let b(k) = -k + 9. Let l be b(6). What is f(l)?
2
Let b(m) = 2*m**2 + 2*m + 1. Suppose -t + 5 = 5*w - 20, -5*w - 4*t = -40. Let s be 1/(-1 + w/8). Determine b(s).
5
Suppose 38 = -5*b + 68. Let w(k) = 21 - 14 + 6*k + k**2 - b. Give w(-6).
1
Let v(t) = -t**3 - t**2 + 9. Let p be (-147)/84 - (-7)/4. Determine v(p).
9
Let f(m) be the third derivative of -m**5/60 + m**4/12 - m**3 + 60*m**2 - 2. Give f(0).
-6
Let b(n) = 4*n + 1. Let w(y) = 9*y + 3. Let p(r) = -5*b(r) + 2*w(r). Let v be (-2 + -1)/((-6)/(-6)). Let a be (-2 + v)*(-2)/(-5). Give p(a).
5
Let t(w) = w**3 - 4*w**2 + 2. Let x(y) = -y**3 + 7*y**2 - 11*y + 5. Let l be x(2). Give t(l).
-7
Let h(l) = -l**2 + 74*l - 147. Let c be h(2). Let k(y) = 2*y**3 + 3*y**2 - 4*y - 5. Give k(c).
-20
Let a(l) be the third derivative of -l**6/120 + l**5/60 - l**4/24 - 11*l**3/3 - 122*l**2. Determine a(0).
-22
Suppose 0 = -3*n + 5*s - 36, 8*n - 4*s + 47 = 3*n. Let k(d) = 27*d - 4. Let b(o) = 38*o - 4. Let a(u) = 5*b(u) - 7*k(u). Give a(n).
1
Let y(v) = 191 + 201 - 603 + 5*v + 196. Determine y(5).
10
Let a(m) be the second derivative of 1/2*m**2 + 1/6*m**3 - 2*m + 0. Let s(d) = d**2 + 8*d + 10. Let g be s(-4). Calculate a(g).
-5
Suppose -n = s, 5*s - 5*n = 7*s. Let g(q) = 4 - q**2 + s - 7*q**3 - 3 + 9*q**3. Calculate g(1).
2
Let x(s) be the first derivative of -s**4/4 - s**3 + 2*s**2 - 3*s - 39. Let b(k) = -k**3 - k**2 + k + 5. Let c be b(0). Suppose -c*w = -0*w + 20. What is x(w)?
-3
Suppose 104 - 32 = 24*y. Let n(k) = -2*k + 1. Determine n(y).
-5
Let k(f) be the first derivative of 1/2*f**2 + 0*f + 4. Calculate k(3).
3
Let g be 27/(-6)*(-4)/6. Let c = 226 - 224. Let f(x) = 0 - 4*x + 3 - g*x + 2 + x**c. What is f(6)?
-1
Let l(y) = 13*y + 3. Let u(g) = -6*g - 1. Suppose 15 - 6 = -3*b. Let p(r) = b*l(r) - 7*u(r). Determine p(3).
7
Let h be 2/12 - 44/(-24). Let k(n) = 2*n + n**h - 5*n - 20 + 18. Calculate k(4).
2
Suppose -8 = -3*s - s. Let x(b) be the third derivative of -b**5/20 + b**4/12 + 9*b**2. Give x(s).
-8
Let o(y) = -4*y**3 + y**3 + 59 + 3*y + 2*y**3 + 3*y**2 - 55. What is o(4)?
0
Let w(r) = 2*r + 3. Let y(u) = 3*u**2 - 11*u + 7*u - 3 - 14*u - 1. Let f be y(6). Give w(f).
-5
Let p(a) = -2*a**3 + a**2 - a - 1. Let k(n) = -n**3 + 6*n**2 + 5*n + 1. Let v(y) = k(y) - p(y). Determine v(-5).
-28
Suppose 0 = n - 4*h + 7 + 5, 2*n - 11 = h. Let v(f) be the first derivative of -6*f - n - 12*f**2 + 19*f**2 - 6*f**2. Determine v(5).
4
Let n(d) = d + 2. Let z(y) = y**2 + 11*y + 13. Let u be 6*-1 + 0 + -4. Let l be z(u). Determine n(l).
5
Let u(b) = -3*b**3 + b**2 - 14*b - 17. Let w(v) = -7*v**3 - 29*v - 36. Let d(h) = 9*u(h) - 4*w(h). Calculate d(-10).
-9
Suppose 322*y - 329*y = -7. Let b(i) = i**3 + i**2 + i. Let a(k) = -8*k**3 - 3*k**2 - 6*k + 1. Let z(w) = a(w) + 4*b(w). Calculate z(y).
-4
Let d(f) = 3*f**3 - 3*f**2 - 7*f + 9. Let p(z) = -z**3 - z**2 + 2*z - 1. Let x(u) = d(u) + 2*p(u). Give x(6).
25
Let t(y) = -9*y**2 + 4*y - 2. Let f(m) = -14*m**2 + 6*m - 3. Let s(c) = 5*f(c) - 7*t(c). Give s(-2).
-33
Suppose 20 = -5*z + 10*z. Let n(f) be the first derivative of f**2 - f + 5. Give n(z).
7
Let i(p) = -4*p + 1. Let q(a) be the second derivative of -2*a**3/3 + a**2/2 - 3*a. Let c(r) = -6*i(r) + 7*q(r). What is c(2)?
-7
Let t(h) = -3*h**2 - 4*h - 3. Let v(m) = -13*m**2 - 16*m - 12. Suppose 3*f - 2*p = -10, -4*f - 12 = f - p. Let i(b) = f*v(b) + 9*t(b). What is i(-5)?
-8
Suppose 5*o + q = -47, -2*q = -4*o - 0*q - 46. Let v(r) = -r**3 - 9*r**2 + 11*r + 23. Determine v(o).
13
Let m = 858 + -861. Let g(q) = 2*q - 7. Calculate g(m).
-13
Let c = -3 - -3. Let j be c/(0 + 3 + -4). Let w be j + 1 + -12 + 12. Let h(y) = -6*y**2 - 2*y + 1. Determine h(w).
-7
Suppose 0 = -2*c + f - 9, 4*c - 11*f + 16*f + 25 = 0. Let q(m) = -m**2 - 3*m + 3. Determine q(c).
-7
Let y(b) = -b**2 - 9*b - 7. Let u = -27 - -14. Let l(v) = v**2 + 12*v + 12. Let z be l(u). Let f = 19 - z. What is y(f)?
11
Let z(y) = -y**3 + 8*y**2 + 9*y - 9. Let d(j) = -2*j + 25. Let l(b) = 2*b + 24. Let r be l(-8). Let c be d(r). Give z(c).
-9
Let x(b) be the first derivative of -24 + 3/2*b**2 - 2*b + 1/3*b**3. What is x(-3)?
-2
Suppose 2*q + 16 = 2*d, 2*d + 3*q = q - 4. Let j be 16 + (-3)/d + 4. Let t = -14 + j. Let i(c) = c**2 - 6*c + 2. Give i(t).
-3
Let w(f) = f**3 + 6*f**2 - 2*f - 8. Let g(u) = -5 + 7*u + 2 - 8*u - 3. Let c be g(0). Calculate w(c).
4
Let y(j) = j**3 + 7*j**2 + 3*j + 4. Let z(w) = -2*w**2 - 7*w + 23. Let r be z(-6). Give y(r).
-17
Let j(t) = t**2 + 5*t + 3. Let f(z) = z**2 + 5*z + 5. Suppose 0 = 2*d - 4 + 16. Let s be f(d). Suppose 0 = 3*c + 1 + s. Give j(c).
-1
Let c be (-38)/(-6) - (-2)/(-6). Let z(g) = 7*g - 3. Let a be z(1). Let d(r) = 3 - a*r + 2 + r + 2*r. Give d(c).
-1
Let r(i) = -10*i + 0 - i**2 + 8*i - 8 - 6 + 11*i. Give r(6).
4
Let h(c) = 9*c + 11. Let p(v) = 16*v + 23. Let z(m) = 7*h(m) - 4*p(m). Give z(0).
-15
Let x(l) = 21 + 11*l - 7*l - 5*l. Give x(15).
6
Let b(x) = -4*x - 3. Let n(g) = -21*g - 14. Let c(o) = 11*b(o) - 2*n(o). Deter